on divisor of 99 and t.
33
Let s(z) be the second derivative of -z**4/12 - 10*z**3/3 - 42*z**2 + 14*z - 1. Let f be s(-13). Calculate the greatest common divisor of 189 and f.
7
Let p(q) = 60*q**2 + 5*q - 8. Let n = 771 + -773. Let v be p(n). What is the highest common factor of v and 999?
111
Let q(c) = 10*c**3 + 8*c**2 - 4*c + 28. Let u be q(14). What is the highest common divisor of 138 and u?
138
Let t = 157 - 87. Let d = -145 + 255. What is the greatest common factor of t and d?
10
Suppose 336 = -5*j + j. Let b = 119 + j. Let h be (-4)/(-10) + 2506/b. What is the highest common divisor of h and 48?
24
Let l be 1*5070*9/180*10. What is the highest common factor of 60 and l?
15
Let n = -118 - -120. Suppose -48 = n*x - 8*x. What is the highest common divisor of 136 and x?
8
Suppose -612 = 19*a - 28*a. Suppose -b + 169 = 4*v, 2*v - 5 = 3*v. Let k = -87 + b. Calculate the highest common divisor of k and a.
34
Let h(k) = 32*k - 93. Let w be h(4). Suppose 0 = -4*c + 305 + w. What is the highest common divisor of c and 5?
5
Suppose 67*q = 72*q - 790. Let d = 47 - 117. Let l = d + q. Calculate the highest common divisor of 8 and l.
8
Suppose 3*j - 3*m + 29 = -31, m = 3*j + 58. Let q = 17 - j. Let l be 2276/q - (20/9 - 2). What is the highest common factor of 7 and l?
7
Suppose -2611 = -27*h + 2060. Calculate the greatest common factor of 5536 and h.
173
Suppose 231 = 4*o - 349. Let p = 10376 + -10347. What is the greatest common factor of p and o?
29
Let s be -5 + 578/3*3/(-2). Let d = -219 - s. Calculate the highest common factor of 15 and d.
15
Suppose 2*o - 170 = -3*o. Let q = -97 - -100. Let d(x) = 4*x**2 - 3*x + 7. Let u be d(q). What is the highest common divisor of o and u?
34
Let h(i) = 25 + 661*i - 675*i - 85. Let z be h(-6). What is the greatest common factor of 12 and z?
12
Let y be 10/(-2) + 7 + -1. Let x be (85 - y)*152/114. Suppose -5*d + 13 + 67 = 0. Calculate the greatest common factor of d and x.
16
Suppose 0 = 13*o - 46 + 20. Suppose o*t + p + 0*p - 41 = 0, 4*t - 107 = 3*p. Calculate the highest common factor of 713 and t.
23
Let m = -3771 + 3792. Calculate the highest common divisor of m and 24.
3
Let i(u) = -3 + 9*u + 9*u**2 - 6*u**2 - 4*u**2. Let k be i(4). Let y be (-20 - -152) + (-4)/(-3)*3. Calculate the highest common divisor of y and k.
17
Let x = 38317 - 33292. What is the greatest common factor of x and 268?
67
Suppose -4*z = -243 + 3. What is the highest common factor of 710 and z?
10
Let g be ((-689)/(-4))/(((-69)/276)/(-2 + 0)). Calculate the highest common divisor of g and 26.
26
Suppose 5*y + 75565 = 5*f, 205*y - 203*y - 30226 = -2*f. What is the greatest common factor of 119 and f?
119
Suppose 4*j + 7 - 19 = 0. Suppose -2*f + 2*m - j*m = -26, 0 = f - 4*m - 4. Let w be (-9616)/(-80) + (3/(-5))/3. What is the highest common factor of w and f?
12
Let s(p) be the third derivative of -p**4/24 + 13*p**3/6 + 493*p**2. Suppose 45 = 3*o + 2*o. Let w be s(o). Calculate the highest common factor of w and 2.
2
Let q = 83 - 54. Suppose -s = -5*h + 582, -29 = 2*h + 2*s - 257. What is the highest common factor of q and h?
29
Let w(j) = 58*j + 1863. Let l be w(-30). What is the greatest common divisor of l and 3977?
41
Let i be -48*8/16*-218. Calculate the highest common factor of 48 and i.
48
Suppose -l + 53*w = 48*w - 69, -289 = -5*l - 3*w. Calculate the greatest common divisor of l and 59.
59
Let j = 35361 - 34569. What is the highest common factor of 5896 and j?
88
Let f = -155 - -135. Let k(g) = g**2 + 4*g + 3. Let i be k(f). Calculate the greatest common divisor of i and 34.
17
Suppose -4*o - 4*r + 112 = 0, 3*o - r - 90 = -22. Let n = -177 - -185. Suppose -2*k = -n - 24. Calculate the greatest common divisor of o and k.
8
Let p(o) = 3*o + 75. Let j(m) = -3*m - 76. Let d(x) = -5*j(x) - 4*p(x). Let t be d(-23). What is the highest common divisor of 121 and t?
11
Let c be ((-146016)/2184)/(3/(-14)). What is the greatest common divisor of 3822 and c?
78
Suppose -8*v + 578 = -5*v - m, -v + 188 = 2*m. Let d = v + -173. Calculate the highest common divisor of 19 and d.
19
Let b(v) = 901*v - 3498. Let g be b(9). What is the greatest common divisor of g and 87?
87
Suppose -4*m = 3*k - 6*m + 6, 0 = 2*k + 5*m + 4. Let x(i) = -37*i**3 - 2*i**2 - i - 4. Let y be x(k). Calculate the highest common divisor of 78 and y.
26
Let v = -31720 + 41042. Calculate the greatest common divisor of 158 and v.
158
Suppose -59*m = -16416 - 29604. Suppose 9*p - 602 = -62. What is the greatest common factor of m and p?
60
Let t = 18493 - 17788. Calculate the greatest common factor of t and 65.
5
Let j = -162 - -308. Suppose 3*i + 2*d - 194 = 0, -j - 175 = -5*i - d. Suppose 32 = -c + 3*c. Calculate the highest common divisor of i and c.
16
Let c(a) = 9*a**2 + 374*a - 35. Let s be c(-46). Calculate the greatest common divisor of s and 5.
5
Suppose 2*v - 81 + 71 = 0. Suppose 2*z - 26 = -4*u, -5*u + 37 = v*z - 18. Calculate the greatest common factor of 522 and z.
9
Let v(f) = -f. Let c be v(-3). Suppose 0*a - a - 4*m = -40, -c*m + 165 = 3*a. Suppose -a = -6*k + k. What is the highest common factor of 60 and k?
12
Let s(v) = 3*v + 22. Let g be s(-5). Suppose 5*y - g*y = -6. Suppose -152 = -y*n + 13. What is the highest common factor of n and 5?
5
Let u be ((-30)/(-18))/((-10)/(-12)). Let a be (100/6)/(20/(-30)). Let x = 27 + a. Calculate the highest common factor of u and x.
2
Suppose 5*t - 1466 = 4*w + 795, 5*w + 448 = t. Let h = t - 443. What is the greatest common divisor of h and 115?
5
Let q(t) = -t**2 + 8*t + 20. Let s be q(10). Let m be s + 68 + (-116)/29. What is the greatest common divisor of m and 4?
4
Let z = -1501 + 2453. Calculate the greatest common divisor of 136 and z.
136
Let b = 2333 - 1437. Suppose -1288 = 5*g - 28*g. What is the greatest common factor of b and g?
56
Suppose 32*d + 21*d - 1166 = 0. Let b = d + -13. Calculate the highest common divisor of b and 39.
3
Let u be 2 + -7 + (23 - 1) + -1. Suppose -5*c = -3*f + 33 - 353, 3*c + 5*f - 192 = 0. Calculate the greatest common factor of c and u.
16
Let t(m) = 9*m**3 - 10*m**2 - 8. Let c be t(8). Suppose -32*i + 37*i = c. Calculate the highest common factor of 72 and i.
72
Let s = 2 - -23. Let u(i) = -12*i - 23. Let x(j) = 14*j + 24. Let h(l) = 5*u(l) + 4*x(l). Let v be h(-6). What is the highest common factor of v and s?
5
Suppose -17479 = -21*b + 257415 + 82904. Calculate the highest common divisor of 14 and b.
14
Let j be ((-73986)/(-9 - 10))/3. What is the highest common factor of 22 and j?
22
Suppose -2070 = 264*x - 310*x. What is the greatest common factor of x and 1845?
45
Let x(p) = -p**2 + 38*p - 231. Let y be x(24). Calculate the greatest common divisor of y and 560.
35
Let q(p) = 22*p - 399 + 230 + 36*p. Let z be q(8). What is the highest common factor of 5 and z?
5
Let m = -119 + 127. Suppose -u + m + 16 = 0. Calculate the greatest common divisor of u and 192.
24
Suppose 24435 = 2377*x - 2362*x. What is the highest common divisor of x and 362?
181
Let d = 4621 - 4613. Calculate the greatest common divisor of d and 828.
4
Suppose -27*o + 22*o = -i - 54, -4*i - 24 = -4*o. What is the highest common factor of 22464 and o?
12
Suppose -57*i + 29*i + 3696 = 0. What is the greatest common factor of 2508 and i?
132
Let l(x) = -20*x - 36. Let c be l(-2). Suppose -2*v + 98 = 4*t - 34, -c*v - 3*t + 289 = 0. Calculate the greatest common divisor of v and 114.
38
Let w be -2*1 + 4 + -4. Let b be (-6)/(w + 4 + -4). Suppose 4*i - 5*k = 44, 554*k = 2*i + 559*k - 82. What is the greatest common divisor of i and b?
3
Suppose -36*f + 3306 = -10950. Calculate the greatest common divisor of 550 and f.
22
Let a(j) = j**2 + 11*j - 20. Let n be a(-11). Let k = n - -56. Suppose -5*t + k = t. What is the greatest common divisor of 12 and t?
6
Suppose 5*n - 12 = -5*a + 48, 5*a = 5*n + 70. Suppose 3*p - h - 626 = 0, -22*h + 23*h = -p + 206. What is the highest common divisor of a and p?
13
Let q(p) = -50*p**2 + 1802*p + 54. Let u be q(36). What is the greatest common factor of u and 43974?
126
Let i = 36040 + -25336. Let f be (-4)/(-18) - i/(-432). What is the greatest common factor of 35 and f?
5
Let p(l) = l**3 - 34*l**2 - 58*l + 32. Let t be p(36). Calculate the highest common factor of 56 and t.